{"id":64661,"date":"2026-02-04T11:17:12","date_gmt":"2026-02-04T10:17:12","guid":{"rendered":"https:\/\/rafacastaner.com\/pedagogia\/"},"modified":"2026-02-23T16:12:39","modified_gmt":"2026-02-23T15:12:39","slug":"pedagogia","status":"publish","type":"page","link":"https:\/\/www.rafacastaner.com\/ca\/pedagogia\/","title":{"rendered":"Pedagogia"},"content":{"rendered":"<p>[et_pb_section fb_built=&#8221;1&#8243; admin_label=&#8221;section&#8221; _builder_version=&#8221;4.27.4&#8243; width=&#8221;100%&#8221; max_width=&#8221;100%&#8221; custom_padding=&#8221;0px||0px||true|false&#8221; locked=&#8221;off&#8221; global_colors_info=&#8221;{}&#8221;][et_pb_row column_structure=&#8221;1_2,1_2&#8243; admin_label=&#8221;row&#8221; _builder_version=&#8221;4.27.4&#8243; background_size=&#8221;initial&#8221; background_position=&#8221;top_left&#8221; background_repeat=&#8221;repeat&#8221; width=&#8221;100%&#8221; max_width=&#8221;100%&#8221; custom_padding=&#8221;0px||||false|false&#8221; global_colors_info=&#8221;{}&#8221;][et_pb_column type=&#8221;1_2&#8243; _builder_version=&#8221;4.27.4&#8243; custom_padding=&#8221;|||&#8221; custom_padding_tablet=&#8221;0px||0px||true|false&#8221; custom_padding_phone=&#8221;0px||0px||true|false&#8221; custom_padding_last_edited=&#8221;on|tablet&#8221; global_colors_info=&#8221;{}&#8221; custom_padding__hover=&#8221;|||&#8221;][et_pb_text _builder_version=&#8221;4.27.4&#8243; _module_preset=&#8221;default&#8221; text_font=&#8221;||||||||&#8221; header_font=&#8221;|700|||||||&#8221; header_font_size=&#8221;40px&#8221; header_2_font=&#8221;|700|||||||&#8221; header_2_font_size=&#8221;40px&#8221; custom_margin=&#8221;||1em||false|false&#8221; custom_margin_tablet=&#8221;||0em||false|false&#8221; custom_margin_phone=&#8221;||0em||false|false&#8221; custom_margin_last_edited=&#8221;on|tablet&#8221; header_font_size_tablet=&#8221;35px&#8221; header_font_size_phone=&#8221;30px&#8221; header_font_size_last_edited=&#8221;on|phone&#8221; header_2_font_size_tablet=&#8221;35px&#8221; header_2_font_size_phone=&#8221;30px&#8221; header_2_font_size_last_edited=&#8221;on|phone&#8221; locked=&#8221;off&#8221; global_colors_info=&#8221;{}&#8221;]<\/p>\n<span class=\"welove-breadcrumbs\"><a href=\"https:\/\/www.rafacastaner.com\/ca\/\">Inicio<\/a> &gt; <\/span>\n<p><\/p>\n<h1>Pedagogia<\/h1>\n<p>[\/et_pb_text][\/et_pb_column][et_pb_column type=&#8221;1_2&#8243; _builder_version=&#8221;4.27.4&#8243; custom_padding=&#8221;|||&#8221; custom_padding_tablet=&#8221;0px||||false|false&#8221; custom_padding_phone=&#8221;0px||||false|false&#8221; custom_padding_last_edited=&#8221;on|tablet&#8221; global_colors_info=&#8221;{}&#8221; custom_padding__hover=&#8221;|||&#8221;][et_pb_text _builder_version=&#8221;4.27.4&#8243; _module_preset=&#8221;default&#8221; global_colors_info=&#8221;{}&#8221;]<\/p>\n<p>Crec a ensenyar perqu\u00e8 crec de deb\u00f2 que compartir \u00e9s un acte creatiu i perqu\u00e8 s\u00e9 que tots tenim una capacitat \u00fanica, que val la pena recon\u00e8ixer, potenciar, mostrar. I m&#8217;encanta fer-ho.<\/p>\n<p>[\/et_pb_text][\/et_pb_column][\/et_pb_row][et_pb_row admin_label=&#8221;row&#8221; _builder_version=&#8221;4.27.4&#8243; background_size=&#8221;initial&#8221; background_position=&#8221;top_left&#8221; background_repeat=&#8221;repeat&#8221; width=&#8221;100%&#8221; max_width=&#8221;100%&#8221; global_colors_info=&#8221;{}&#8221;][et_pb_column type=&#8221;4_4&#8243; _builder_version=&#8221;4.16&#8243; custom_padding=&#8221;|||&#8221; global_colors_info=&#8221;{}&#8221; custom_padding__hover=&#8221;|||&#8221;][et_pb_blog post_type=&#8221;clases-y-talleres&#8221; show_more=&#8221;on&#8221; show_author=&#8221;off&#8221; show_date=&#8221;off&#8221; show_categories=&#8221;off&#8221; show_excerpt=&#8221;off&#8221; module_class=&#8221;grid-posts&#8221; _builder_version=&#8221;4.27.4&#8243; _module_preset=&#8221;default&#8221; header_font=&#8221;&#8211;et_global_body_font|||on|||||&#8221; header_font_size=&#8221;16px&#8221; header_line_height=&#8221;1.2em&#8221; read_more_font=&#8221;|||on|||||&#8221; hover_enabled=&#8221;0&#8243; custom_css_free_form=&#8221;selector img{||    aspect-ratio: 1 \/ 1;||  width: 100%;||  object-fit: cover;||}||selector article{||  min-width:23%;||  max-width:23%;||  margin-right:2%;||}||selector .et_pb_ajax_pagination_container{||  display:flex;||  flex-flow:wrap;||  justify-content:flex-start;||}||selector .entry-featured-image-url{||  margin-bottom:0.8em;||}||selector a.more-link{||  margin-top:0.5em;||}&#8221; global_colors_info=&#8221;{}&#8221; theme_builder_area=&#8221;post_content&#8221; sticky_enabled=&#8221;0&#8243;][\/et_pb_blog][\/et_pb_column][\/et_pb_row][\/et_pb_section]<\/p>\n","protected":false},"excerpt":{"rendered":"<p><span class=\"welove-breadcrumbs\"><a href=\"https:\/\/www.rafacastaner.com\/ca\/\">Inicio<\/a> &gt; <\/span>PedagogiaCrec a ensenyar perqu\u00e8 crec de deb\u00f2 que compartir \u00e9s un acte creatiu i perqu\u00e8 s\u00e9 que tots tenim una capacitat \u00fanica, que val la pena recon\u00e8ixer, potenciar, mostrar. I m&#8217;encanta fer-ho.<\/p>\n","protected":false},"author":1,"featured_media":0,"parent":0,"menu_order":0,"comment_status":"closed","ping_status":"closed","template":"","meta":{"_acf_changed":false,"_et_pb_use_builder":"on","_et_pb_old_content":"","_et_gb_content_width":"","inline_featured_image":false,"footnotes":""},"class_list":["post-64661","page","type-page","status-publish","hentry"],"acf":[],"yoast_head":"<!-- This site is optimized with the Yoast SEO plugin v27.0 - https:\/\/yoast.com\/product\/yoast-seo-wordpress\/ -->\n<title>Rafa Casta\u00f1er | Pedagogia<\/title>\n<meta name=\"description\" content=\"Apr\u00e8n i experimenta amb Rafa Casta\u00f1er. Tallers de dibuix, m\u00fasica i creaci\u00f3 col\u00b7lectiva per a adults, infants i professionals de l&#039;art.\" \/>\n<meta name=\"robots\" content=\"index, follow, max-snippet:-1, max-image-preview:large, max-video-preview:-1\" \/>\n<link rel=\"canonical\" href=\"https:\/\/www.rafacastaner.com\/ca\/pedagogia\/\" \/>\n<meta property=\"og:locale\" content=\"ca_ES\" \/>\n<meta property=\"og:type\" content=\"article\" \/>\n<meta property=\"og:title\" content=\"Rafa Casta\u00f1er | Pedagogia\" \/>\n<meta property=\"og:description\" content=\"Apr\u00e8n i experimenta amb Rafa Casta\u00f1er. Tallers de dibuix, m\u00fasica i creaci\u00f3 col\u00b7lectiva per a adults, infants i professionals de l&#039;art.\" \/>\n<meta property=\"og:url\" content=\"https:\/\/www.rafacastaner.com\/ca\/pedagogia\/\" \/>\n<meta property=\"og:site_name\" content=\"Rafa Casta\u00f1er\" \/>\n<meta property=\"article:modified_time\" content=\"2026-02-23T15:12:39+00:00\" \/>\n<meta name=\"twitter:card\" content=\"summary_large_image\" \/>\n<meta name=\"twitter:label1\" content=\"Temps estimat de lectura\" \/>\n\t<meta name=\"twitter:data1\" content=\"2 minuts\" \/>\n<script type=\"application\/ld+json\" class=\"yoast-schema-graph\">{\"@context\":\"https:\/\/schema.org\",\"@graph\":[{\"@type\":\"WebPage\",\"@id\":\"https:\/\/www.rafacastaner.com\/ca\/pedagogia\/\",\"url\":\"https:\/\/www.rafacastaner.com\/ca\/pedagogia\/\",\"name\":\"Rafa Casta\u00f1er | Pedagogia\",\"isPartOf\":{\"@id\":\"https:\/\/www.rafacastaner.com\/ca\/#website\"},\"datePublished\":\"2026-02-04T10:17:12+00:00\",\"dateModified\":\"2026-02-23T15:12:39+00:00\",\"description\":\"Apr\u00e8n i experimenta amb Rafa Casta\u00f1er. Tallers de dibuix, m\u00fasica i creaci\u00f3 col\u00b7lectiva per a adults, infants i professionals de l'art.\",\"breadcrumb\":{\"@id\":\"https:\/\/www.rafacastaner.com\/ca\/pedagogia\/#breadcrumb\"},\"inLanguage\":\"ca\",\"potentialAction\":[{\"@type\":\"ReadAction\",\"target\":[\"https:\/\/www.rafacastaner.com\/ca\/pedagogia\/\"]}]},{\"@type\":\"BreadcrumbList\",\"@id\":\"https:\/\/www.rafacastaner.com\/ca\/pedagogia\/#breadcrumb\",\"itemListElement\":[{\"@type\":\"ListItem\",\"position\":1,\"name\":\"Portada\",\"item\":\"https:\/\/www.rafacastaner.com\/ca\/\"},{\"@type\":\"ListItem\",\"position\":2,\"name\":\"Pedagogia\"}]},{\"@type\":\"WebSite\",\"@id\":\"https:\/\/www.rafacastaner.com\/ca\/#website\",\"url\":\"https:\/\/www.rafacastaner.com\/ca\/\",\"name\":\"Rafa Casta\u00f1er\",\"description\":\"\",\"potentialAction\":[{\"@type\":\"SearchAction\",\"target\":{\"@type\":\"EntryPoint\",\"urlTemplate\":\"https:\/\/www.rafacastaner.com\/ca\/?s={search_term_string}\"},\"query-input\":{\"@type\":\"PropertyValueSpecification\",\"valueRequired\":true,\"valueName\":\"search_term_string\"}}],\"inLanguage\":\"ca\"}]}<\/script>\n<!-- \/ Yoast SEO plugin. -->","yoast_head_json":{"title":"Rafa Casta\u00f1er | Pedagogia","description":"Apr\u00e8n i experimenta amb Rafa Casta\u00f1er. Tallers de dibuix, m\u00fasica i creaci\u00f3 col\u00b7lectiva per a adults, infants i professionals de l'art.","robots":{"index":"index","follow":"follow","max-snippet":"max-snippet:-1","max-image-preview":"max-image-preview:large","max-video-preview":"max-video-preview:-1"},"canonical":"https:\/\/www.rafacastaner.com\/ca\/pedagogia\/","og_locale":"ca_ES","og_type":"article","og_title":"Rafa Casta\u00f1er | Pedagogia","og_description":"Apr\u00e8n i experimenta amb Rafa Casta\u00f1er. Tallers de dibuix, m\u00fasica i creaci\u00f3 col\u00b7lectiva per a adults, infants i professionals de l'art.","og_url":"https:\/\/www.rafacastaner.com\/ca\/pedagogia\/","og_site_name":"Rafa Casta\u00f1er","article_modified_time":"2026-02-23T15:12:39+00:00","twitter_card":"summary_large_image","twitter_misc":{"Temps estimat de lectura":"2 minuts"},"schema":{"@context":"https:\/\/schema.org","@graph":[{"@type":"WebPage","@id":"https:\/\/www.rafacastaner.com\/ca\/pedagogia\/","url":"https:\/\/www.rafacastaner.com\/ca\/pedagogia\/","name":"Rafa Casta\u00f1er | Pedagogia","isPartOf":{"@id":"https:\/\/www.rafacastaner.com\/ca\/#website"},"datePublished":"2026-02-04T10:17:12+00:00","dateModified":"2026-02-23T15:12:39+00:00","description":"Apr\u00e8n i experimenta amb Rafa Casta\u00f1er. Tallers de dibuix, m\u00fasica i creaci\u00f3 col\u00b7lectiva per a adults, infants i professionals de l'art.","breadcrumb":{"@id":"https:\/\/www.rafacastaner.com\/ca\/pedagogia\/#breadcrumb"},"inLanguage":"ca","potentialAction":[{"@type":"ReadAction","target":["https:\/\/www.rafacastaner.com\/ca\/pedagogia\/"]}]},{"@type":"BreadcrumbList","@id":"https:\/\/www.rafacastaner.com\/ca\/pedagogia\/#breadcrumb","itemListElement":[{"@type":"ListItem","position":1,"name":"Portada","item":"https:\/\/www.rafacastaner.com\/ca\/"},{"@type":"ListItem","position":2,"name":"Pedagogia"}]},{"@type":"WebSite","@id":"https:\/\/www.rafacastaner.com\/ca\/#website","url":"https:\/\/www.rafacastaner.com\/ca\/","name":"Rafa Casta\u00f1er","description":"","potentialAction":[{"@type":"SearchAction","target":{"@type":"EntryPoint","urlTemplate":"https:\/\/www.rafacastaner.com\/ca\/?s={search_term_string}"},"query-input":{"@type":"PropertyValueSpecification","valueRequired":true,"valueName":"search_term_string"}}],"inLanguage":"ca"}]}},"_links":{"self":[{"href":"https:\/\/www.rafacastaner.com\/ca\/wp-json\/wp\/v2\/pages\/64661","targetHints":{"allow":["GET"]}}],"collection":[{"href":"https:\/\/www.rafacastaner.com\/ca\/wp-json\/wp\/v2\/pages"}],"about":[{"href":"https:\/\/www.rafacastaner.com\/ca\/wp-json\/wp\/v2\/types\/page"}],"author":[{"embeddable":true,"href":"https:\/\/www.rafacastaner.com\/ca\/wp-json\/wp\/v2\/users\/1"}],"replies":[{"embeddable":true,"href":"https:\/\/www.rafacastaner.com\/ca\/wp-json\/wp\/v2\/comments?post=64661"}],"version-history":[{"count":4,"href":"https:\/\/www.rafacastaner.com\/ca\/wp-json\/wp\/v2\/pages\/64661\/revisions"}],"predecessor-version":[{"id":64667,"href":"https:\/\/www.rafacastaner.com\/ca\/wp-json\/wp\/v2\/pages\/64661\/revisions\/64667"}],"wp:attachment":[{"href":"https:\/\/www.rafacastaner.com\/ca\/wp-json\/wp\/v2\/media?parent=64661"}],"curies":[{"name":"wp","href":"https:\/\/api.w.org\/{rel}","templated":true}]}}

<p>[et_pb_section fb_built=&#8221;1&#8243; admin_label=&#8221;section&#8221; _builder_version=&#8221;4.27.4&#8243; width=&#8221;100%&#8221; max_width=&#8221;100%&#8221; custom_padding=&#8221;0px||0px||true|false&#8221; locked=&#8221;off&#8221; global_colors_info=&#8221;{}&#8221;][et_pb_row column_structure=&#8221;1_2,1_2&#8243; admin_label=&#8221;row&#8221; _builder_version=&#8221;4.27.4&#8243; background_size=&#8221;initial&#8221; background_position=&#8221;top_left&#8221; background_repeat=&#8221;repeat&#8221; width=&#8221;100%&#8221; max_width=&#8221;100%&#8221; custom_padding=&#8221;0px||||false|false&#8221; global_colors_info=&#8221;{}&#8221;][et_pb_column type=&#8221;1_2&#8243; _builder_version=&#8221;4.27.4&#8243; custom_padding=&#8221;|||&#8221; custom_padding_tablet=&#8221;0px||0px||true|false&#8221; custom_padding_phone=&#8221;0px||0px||true|false&#8221; custom_padding_last_edited=&#8221;on|tablet&#8221; global_colors_info=&#8221;{}&#8221; custom_padding__hover=&#8221;|||&#8221;][et_pb_text _builder_version=&#8221;4.27.4&#8243; _module_preset=&#8221;default&#8221; text_font=&#8221;||||||||&#8221; header_font=&#8221;|700|||||||&#8221; header_font_size=&#8221;40px&#8221; header_2_font=&#8221;|700|||||||&#8221; header_2_font_size=&#8221;40px&#8221; custom_margin=&#8221;||1em||false|false&#8221; custom_margin_tablet=&#8221;||0em||false|false&#8221; custom_margin_phone=&#8221;||0em||false|false&#8221; custom_margin_last_edited=&#8221;on|tablet&#8221; header_font_size_tablet=&#8221;35px&#8221; header_font_size_phone=&#8221;30px&#8221; header_font_size_last_edited=&#8221;on|phone&#8221; header_2_font_size_tablet=&#8221;35px&#8221; header_2_font_size_phone=&#8221;30px&#8221; header_2_font_size_last_edited=&#8221;on|phone&#8221; locked=&#8221;off&#8221; global_colors_info=&#8221;{}&#8221;]</p>
<span class="welove-breadcrumbs"><a href="https://www.rafacastaner.com/ca/">Inicio</a> &gt; </span>
<p></p>
<h1>Pedagogia</h1>
<p>[/et_pb_text][/et_pb_column][et_pb_column type=&#8221;1_2&#8243; _builder_version=&#8221;4.27.4&#8243; custom_padding=&#8221;|||&#8221; custom_padding_tablet=&#8221;0px||||false|false&#8221; custom_padding_phone=&#8221;0px||||false|false&#8221; custom_padding_last_edited=&#8221;on|tablet&#8221; global_colors_info=&#8221;{}&#8221; custom_padding__hover=&#8221;|||&#8221;][et_pb_text _builder_version=&#8221;4.27.4&#8243; _module_preset=&#8221;default&#8221; global_colors_info=&#8221;{}&#8221;]</p>
<p>Crec a ensenyar perquè crec de debò que compartir és un acte creatiu i perquè sé que tots tenim una capacitat única, que val la pena reconèixer, potenciar, mostrar. I m&#8217;encanta fer-ho.</p>
<p>[/et_pb_text][/et_pb_column][/et_pb_row][et_pb_row admin_label=&#8221;row&#8221; _builder_version=&#8221;4.27.4&#8243; background_size=&#8221;initial&#8221; background_position=&#8221;top_left&#8221; background_repeat=&#8221;repeat&#8221; width=&#8221;100%&#8221; max_width=&#8221;100%&#8221; global_colors_info=&#8221;{}&#8221;][et_pb_column type=&#8221;4_4&#8243; _builder_version=&#8221;4.16&#8243; custom_padding=&#8221;|||&#8221; global_colors_info=&#8221;{}&#8221; custom_padding__hover=&#8221;|||&#8221;][et_pb_blog post_type=&#8221;clases-y-talleres&#8221; show_more=&#8221;on&#8221; show_author=&#8221;off&#8221; show_date=&#8221;off&#8221; show_categories=&#8221;off&#8221; show_excerpt=&#8221;off&#8221; module_class=&#8221;grid-posts&#8221; _builder_version=&#8221;4.27.4&#8243; _module_preset=&#8221;default&#8221; header_font=&#8221;&#8211;et_global_body_font|||on|||||&#8221; header_font_size=&#8221;16px&#8221; header_line_height=&#8221;1.2em&#8221; read_more_font=&#8221;|||on|||||&#8221; hover_enabled=&#8221;0&#8243; custom_css_free_form=&#8221;selector img{||    aspect-ratio: 1 / 1;||  width: 100%;||  object-fit: cover;||}||selector article{||  min-width:23%;||  max-width:23%;||  margin-right:2%;||}||selector .et_pb_ajax_pagination_container{||  display:flex;||  flex-flow:wrap;||  justify-content:flex-start;||}||selector .entry-featured-image-url{||  margin-bottom:0.8em;||}||selector a.more-link{||  margin-top:0.5em;||}&#8221; global_colors_info=&#8221;{}&#8221; theme_builder_area=&#8221;post_content&#8221; sticky_enabled=&#8221;0&#8243;][/et_pb_blog][/et_pb_column][/et_pb_row][/et_pb_section]</p>

<p><span class="welove-breadcrumbs"><a href="https://www.rafacastaner.com/ca/">Inicio</a> &gt; </span>PedagogiaCrec a ensenyar perquè crec de debò que compartir és un acte creatiu i perquè sé que tots tenim una capacitat única, que val la pena reconèixer, potenciar, mostrar. I m&#8217;encanta fer-ho.</p>

<!-- This site is optimized with the Yoast SEO plugin v27.0 - https://yoast.com/product/yoast-seo-wordpress/ -->
<title>Rafa Castañer | Pedagogia</title>
<meta name="description" content="Aprèn i experimenta amb Rafa Castañer. Tallers de dibuix, música i creació col·lectiva per a adults, infants i professionals de l&#039;art." />
<meta name="robots" content="index, follow, max-snippet:-1, max-image-preview:large, max-video-preview:-1" />
<link rel="canonical" href="https://www.rafacastaner.com/ca/pedagogia/" />
<meta property="og:locale" content="ca_ES" />
<meta property="og:type" content="article" />
<meta property="og:title" content="Rafa Castañer | Pedagogia" />
<meta property="og:description" content="Aprèn i experimenta amb Rafa Castañer. Tallers de dibuix, música i creació col·lectiva per a adults, infants i professionals de l&#039;art." />
<meta property="og:url" content="https://www.rafacastaner.com/ca/pedagogia/" />
<meta property="og:site_name" content="Rafa Castañer" />
<meta property="article:modified_time" content="2026-02-23T15:12:39+00:00" />
<meta name="twitter:card" content="summary_large_image" />
<meta name="twitter:label1" content="Temps estimat de lectura" />
	<meta name="twitter:data1" content="2 minuts" />
<script type="application/ld+json" class="yoast-schema-graph">{"@context":"https://schema.org","@graph":[{"@type":"WebPage","@id":"https://www.rafacastaner.com/ca/pedagogia/","url":"https://www.rafacastaner.com/ca/pedagogia/","name":"Rafa Castañer | Pedagogia","isPartOf":{"@id":"https://www.rafacastaner.com/ca/#website"},"datePublished":"2026-02-04T10:17:12+00:00","dateModified":"2026-02-23T15:12:39+00:00","description":"Aprèn i experimenta amb Rafa Castañer. Tallers de dibuix, música i creació col·lectiva per a adults, infants i professionals de l'art.","breadcrumb":{"@id":"https://www.rafacastaner.com/ca/pedagogia/#breadcrumb"},"inLanguage":"ca","potentialAction":[{"@type":"ReadAction","target":["https://www.rafacastaner.com/ca/pedagogia/"]}]},{"@type":"BreadcrumbList","@id":"https://www.rafacastaner.com/ca/pedagogia/#breadcrumb","itemListElement":[{"@type":"ListItem","position":1,"name":"Portada","item":"https://www.rafacastaner.com/ca/"},{"@type":"ListItem","position":2,"name":"Pedagogia"}]},{"@type":"WebSite","@id":"https://www.rafacastaner.com/ca/#website","url":"https://www.rafacastaner.com/ca/","name":"Rafa Castañer","description":"","potentialAction":[{"@type":"SearchAction","target":{"@type":"EntryPoint","urlTemplate":"https://www.rafacastaner.com/ca/?s={search_term_string}"},"query-input":{"@type":"PropertyValueSpecification","valueRequired":true,"valueName":"search_term_string"}}],"inLanguage":"ca"}]}</script>
<!-- / Yoast SEO plugin. -->

Rafa Castañer | Pedagogia

Aprèn i experimenta amb Rafa Castañer. Tallers de dibuix, música i creació col·lectiva per a adults, infants i professionals de l'art.

Rafa Castañer
